 9*v + 9. Suppose -12 = 8*i - 7*i - 3*u, 2*u + 20 = -4*i. What is a(i)?
-9
Let d(k) = -k + 7. Let o = 28 + -34. Let l be 0/2*3/o. What is d(l)?
7
Suppose 14*a - 18 = 8*a. Let w(b) be the second derivative of 6*b + 0 + 3*b**2 - 1/6*b**4 - b**a. Determine w(-5).
-14
Let o be (-2)/(-8)*-4 + 8 - -10. Let n(p) = -p**3 + 18*p**2 - 19*p + 23. Calculate n(o).
-11
Let h(n) = 38*n. Let k be ((-16)/(-104))/(20/130). What is h(k)?
38
Let k(t) be the second derivative of 38*t + 1/12*t**4 + 0 - 5/6*t**3 - 7/2*t**2. Calculate k(7).
7
Let b(r) = r + 1. Suppose -5*q = -1 - 9. Suppose 0 = -5*d - 25, -5*n + q*d + 2 = -18. Let t be (2/2 - -3) + n. Calculate b(t).
7
Let w(y) = 3*y**2 + 6*y + 11. Let p(b) be the third derivative of b**5/15 + 5*b**4/24 + 2*b**3 + b**2. Let f(v) = -2*p(v) + 3*w(v). Determine f(-6).
-3
Let c(o) = -o + 1. Let y(g) = -4*g**2 + 8*g - 8. Let v(s) = 5*c(s) + y(s). Let a(x) = -9*x**2 + 6*x - 6. Let l(d) = -6*a(d) + 13*v(d). Give l(-3).
6
Let l(y) = y**3 + y**2 + 2*y. Let k(p) = 6*p**3 + 3*p**2 + 8*p - 2. Let o(s) = -k(s) + 3*l(s). Determine o(2).
-26
Let s(r) be the third derivative of -r**7/5040 + r**6/72 + r**5/15 + 5*r**2. Let j(i) be the third derivative of s(i). Calculate j(5).
5
Suppose -4*n - 3*w = -15, 5*n - 6*w = -11*w + 15. Let m(k) = k**2 - 6*k - 9. Determine m(n).
-9
Let a(h) = h**2 + h + 2. Let r be a(0). Let o = 119 + -78. Suppose -l - r*c = -c - 9, -4*c = 5*l - o. Let y(g) = g**2 - 6*g + 1. What is y(l)?
-4
Let r(b) be the first derivative of -26*b**3/3 - b**2 - b - 319. Give r(-1).
-25
Let h(v) = -v**2 - 4*v + 2. Let x be h(-4). Suppose -5*r + 8 + x = 0. Let f(n) = -n**2 - 3*n + 1. Calculate f(r).
-9
Let f(k) = 2*k + 4. Let y be f(3). Let x(a) = 0 - y + 3*a + 10. Calculate x(2).
6
Let w be (-44)/(-10) + 180/300. Let p(z) = z - 7. Give p(w).
-2
Let n(i) be the first derivative of -1/2*i**4 - 5/6*i**3 - 1/20*i**5 - i + 1 - 1/2*i**2. Let l(b) be the first derivative of n(b). What is l(-5)?
-1
Suppose -3*q + 10*q + 21 = 0. Let i(s) be the third derivative of -1/60*s**5 + 3*s**2 + 0*s - 1/12*s**4 - 1/2*s**3 + 0. What is i(q)?
-6
Let v(y) = y**3 - 2*y**2 - 7*y**3 - 2*y + 3*y. Let z = 269 + -268. Determine v(z).
-7
Let l(g) = g**2 + 9*g - 10. Suppose -y - 630 = -19*y. Let k = -45 + y. What is l(k)?
0
Let v = 4 - 1. Let z(j) be the third derivative of j**5/60 - j**4/8 + j**3/2 + 31*j**2. Determine z(v).
3
Suppose 5*x - 40 = 3*x. Suppose 2 - x = 3*f. Let j(q) = -5*q**2 - q + 4. Let u(n) = 6*n**2 - 3. Let c(t) = 5*j(t) + 4*u(t). Determine c(f).
2
Let m(j) = 7*j**2 + 29*j - 9*j**2 - 30*j. Let x(y) = -y**3 - 6*y**2 - 4*y + 2. Let v be x(-5). Let w = v + 1. Give m(w).
-6
Let w be 1/2*(-4 + -6). Let h(x) = -x**2 - 4*x + 1. Let a be h(w). Let b(n) be the third derivative of -n**5/60 - n**4/4 - n**3/6 + 2*n**2. Calculate b(a).
7
Let l(z) = -z**3 + 7*z**2 - 7*z + 5. Let x = 39 - 33. Let o be l(x). Let j(a) be the third derivative of 11*a**5/60 - a**4/24 - a**3/6 - a**2. Determine j(o).
11
Let q(h) = 3*h - 2. Let w(k) = k. Suppose n + p = -0*p - 10, -3*n + 3*p = 0. Let f(z) = n*w(z) + q(z). Give f(-2).
2
Let x(v) be the first derivative of -2*v**2 - 13*v - 499. Give x(6).
-37
Let n = -194 + 104. Let z be n/(-4) - (-2)/(-4). Suppose -5*m + z = -m - 2*o, -40 = -5*m + 5*o. Let i(k) = -5*k + 1. Give i(m).
-14
Let u(p) be the first derivative of 11*p**4/24 - p**3/6 - 19*p**2/2 + 15. Let x(j) be the second derivative of u(j). What is x(1)?
10
Let l(i) = -3*i - 51. Let v(z) = -2*z - 35. Let m(q) = 3*l(q) - 4*v(q). Determine m(-15).
2
Let d(h) be the third derivative of -h**8/3360 - h**7/2520 + h**5/120 - h**4/8 + 21*h**2. Let a(o) be the second derivative of d(o). Give a(1).
-2
Suppose -g - 4 = 0, 5*g + 4 + 15 = -c. Let m(q) = -q**2 - 133*q**3 - c + 0 + 128*q**3 - q. Calculate m(-1).
4
Let v(d) be the second derivative of d**3/2 + 3*d**2/2 + 66*d - 1. What is v(-6)?
-15
Let p(y) = 5 - 5 - 5*y + 1 - 2*y + 2. What is p(-5)?
38
Let d(n) = n**3 - 4*n**2. Let s be (-32)/(-40)*(-25)/2. Let c be 15/s*4/(-6). Let h = 3 + c. Give d(h).
0
Let y(c) = 24*c - 22*c + c**2 + 5 + 0 - 2. Suppose 8 = 4*l + 20. What is y(l)?
6
Let x(g) = 4*g**2 + 6*g + 1. Suppose 0 = 4*i + 5*f - 9, -55*i + 56*i - 3*f = -19. Give x(i).
41
Let u(v) be the second derivative of -v**7/840 + v**6/72 - v**5/40 - 5*v**4/24 + v**3/3 + 4*v. Let z(q) be the second derivative of u(q). Determine z(4).
-1
Let t be -5 + (-11)/(-2) + (-5)/(-2). Let s(k) = 11 + t*k - 2*k - 4*k. Give s(8).
-13
Suppose 3*d - 24 = -3*y, -3*y + 3*d = -0*d. Let n(i) = -4*i + 7 - i**2 - i - y - 1. Suppose -2 - 3 = a. What is n(a)?
2
Let d(o) = -o**3 - 25*o**2 + 266*o - 13. Let s be d(8). Let w(g) = 3 + 4*g + 2*g**2 + 0*g - g**3 - 2*g. Calculate w(s).
0
Let m = 13 - 11. Suppose 0*r = m*r. Let j(c) = c + 0*c + 1 - 2 + r. Give j(-1).
-2
Let d(j) = j**3 + j**2 + j + 2. Let g = -9 + 14. Suppose 37*a - 25*a - 120 = 0. Suppose -u - 12 = 2*u, -g*h = -5*u - a. Determine d(h).
-4
Let m(t) = -676 + 223 + 231 - t + 239. Determine m(14).
3
Let g(f) = f**2 + 8*f - 1. Let t = 23 - 18. Let h = t - 13. Let m be g(h). Let c(r) = 9*r**3 - 2*r**2 - 2*r - 1. Calculate c(m).
-10
Suppose 4*a = -5*y + 57, -4*a + 3*y + 10 = -3*a. Let x = a + -15. Let v(o) = 3 - 4 + o + 3*o**2 + o. What is v(x)?
7
Let x(u) = -u + 8. Suppose 84*t = 90*t + 42. Calculate x(t).
15
Suppose 5*c + 15 = -10*c. Let g(z) be the third derivative of 7*z**4/24 - z**3/6 + 2*z**2. What is g(c)?
-8
Suppose 5*s + 26 = 3*g, -4*g - 2*s = 2*s - 24. Let k(z) = z**3 - 7*z**2 - 3*z + 9. Give k(g).
-12
Suppose 5*d = 3*j + 14, -3*d = -2*j - d - 4. Let l(b) be the first derivative of -2 + b + 1/2*b**j. Give l(-3).
-2
Let t(o) = -o**3 + o**2 + 7*o - 7. Suppose -9*s = -7*s - 6. Determine t(s).
-4
Suppose 5*k - k + 5*i - 3 = 0, 0 = 2*k - i + 9. Let o = k - -1. Let y(r) = 2*r**2 + 6*r**3 - 2 - 6*r**3 + r**3 + 4. What is y(o)?
2
Suppose -3*a + 3 + 18 = 0. Suppose u = -2*o - a, 5*u + o + 22 = 4*o. Let c(j) = -j**2 - 5*j - 2. Calculate c(u).
-2
Let b(k) be the second derivative of -k**4/12 - 5*k**3/2 + 37*k**2/2 + 2*k + 4. Calculate b(-17).
3
Let g = 6 - 13. Let a = g + 7. Let o(s) = -2 + a - 4 + 3 + s. Determine o(6).
3
Let g(f) = f**2 - 8. Let q(b) = -b**2 - 20*b - 30. Let h be q(-18). Let p be 34/51 - 4/h. Calculate g(p).
-8
Let g(h) = 110*h + 0*h**2 - 108*h - h**2. Let f be (-88)/33 + (-4)/(-6). Give g(f).
-8
Let w = 3 - -3. Let d(n) be the second derivative of n**5/40 - 3*n**4/8 - 2*n**3 + 4*n. Let t(r) be the second derivative of d(r). Give t(w).
9
Let m(x) = 4*x - 51. Let v be m(14). Let r be (9/v - 1)/(18/135). Let b(y) = y - 2. What is b(r)?
4
Let y(a) = -4*a**3 - a. Suppose 13 = -3*k + 10. Let n be y(k). Let d be -1*n/((-15)/12). Let t(m) = m**2 - 6*m + 3. Determine t(d).
-5
Let c(i) = 4544 - 2284 - 2275 - 4*i. What is c(-4)?
1
Let c(j) = 2*j**3 + 6*j**2 + 9*j + 2. Let p(z) = -z**3 - 3*z**2 - 4*z - 1. Let d(a) = 2*c(a) + 5*p(a). Suppose 86*n - 64 = 118*n. Determine d(n).
-1
Let r(l) be the third derivative of -l**5/20 + l**4/8 + 2*l**3/3 - 521*l**2. Calculate r(-2).
-14
Let p = -133 - -130. Let y(r) = 2*r**3 - 5*r**2 - r + 4. Let h(o) = -5*o**3 + 14*o**2 + 3*o - 12. Let m(u) = -3*h(u) - 8*y(u). Give m(p).
16
Let i(o) = -143 - 136 - 142 + 413 + 5*o. Calculate i(3).
7
Let t(s) be the first derivative of -s**2 + 4*s + 136. What is t(3)?
-2
Let g = 108 - 108. Suppose g = -2*z, -4 = -3*o + 5*z - 19. Let x(u) = -u**2 - 6*u + 3. Give x(o).
8
Let x(f) = -5*f**2 - 9*f - 8. Let a = -75 + 69. Let m(l) = l**2 + l + 1. Let t(y) = a*m(y) - x(y). Give t(3).
2
Let t = 45 + -44. Let b(h) be the first derivative of h**5/5 - h**4/6 + h**2/2 + 2*h + 1. Let k(f) be the first derivative of b(f). Determine k(t).
3
Let o(a) = -a**2 - a - a**3 + 3 + a**2. Let p(b) = -b**2 - 8*b - 15. Let h(g) = g**3 + 7*g**2 + 5*g - 11. Let n be h(-6). Let d be p(n). What is o(d)?
3
Suppose -1 = -2*a - 3*b + 3, b + 2 = -4*a. Let c(q) = -5*q**2 + 2*q + 1. Let v be c(a). Let g(z) = z**3 + 6*z**2 - 2*z - 3. Calculate g(v).
9
Let n(d) = 2*d + 4. Suppose -5*g + 3*g - 2 = 0, 5*g = -w. Suppose w*k = -5*p - 15, 3*k = 4*k + 3*p + 3. Determine n(k).
-2
Let j be 15/(5 - 0) + 0. Let x(m) = 3*m**3 - 2*m**2 + 3*m - 3. Let d(r) = 10*r**3 - 5*r**2 + 8*r - 9. Let u(y) = 2*d(y) - 7*x(y). Give u(j).
-3
Let t(g) = 3*g**2 + 5*g + 6. Let q(s) = 2